 - (-67 + 127)).
-37
Calculate -10 + (10 - 89) - (-8 - (5 - -9 - 8)).
-75
0 - (-20 + (-2 + 19 + -1 - 3))
7
Evaluate (11 + 0 + 6 - 20) + 48 + -2.
43
-12 - 1 - (78 - -60 - 127)
-24
What is the value of 23 - (1 + (-8 - 3) + 18) - 4?
11
What is the value of 42 - (-3 - -38) - 12?
-5
Calculate 7 + (-5 - (-38 + 16)) + -21 - -15.
18
Evaluate 145 + (3 - -66 - 131).
83
Calculate (-25 - -25) + -83 + 37 + -26.
-72
What is the value of (13 - 3) + (10 - -2) + -25 - (13 + 21)?
-37
What is (127 - 143 - (-1 - 56)) + 1 + -1?
41
What is the value of 0 + -31 - (-515 - -488) - (1 + 63)?
-68
Evaluate 0 - (131 - 128) - (0 + 24 + -2 + 2).
-27
-67 + 90 + 11 + -18
16
Evaluate -78 + 62 + (17 - 34).
-33
What is 9 - ((-139 - -151) + 0 + (-45 - 1))?
43
What is the value of -3 - 69 - (-42 + -49)?
19
Evaluate (-35 - (-2 + -22)) + 4 + -7.
-14
What is the value of -11 + -3 + 1 - (53 + -14 + 36)?
-88
Evaluate (26 - (-46 - 7)) + -43.
36
Evaluate -542 + 344 - (44 + -172).
-70
What is the value of (42 - -16) + 192 + -251?
-1
Calculate 29 + 4 + -7 + (10 - (-3 + (-5 - -16))).
28
What is (-24 - (8 + -33 + 15)) + (0 - -28)?
14
What is the value of -40 + 28 + (9 + 6 + -4 - 34)?
-35
1 + 18 + (-61 - -38) + 105
101
What is (142 - (68 + 51)) + -30?
-7
What is the value of 1 + 88 + -84 + 67 + (-43 - -39)?
68
12 - (36 - (4 + 1 + 33 + (-84 - -40)))
-30
Evaluate -293 + 6 - (418 - 552).
-153
Calculate -1 - 22 - (-1257 - -1245).
-11
What is the value of -3 - (-95 - (19 + -37) - (-10 - 5))?
59
Evaluate -5 + 64 + -46 - (-20 + 4) - (1 + 1).
27
What is ((0 - (3 - 4)) + 0 - (955 + -958)) + -63?
-59
(5 - (-9 - -9)) + (-4 - -11) + -12 + 41
41
Evaluate 4 + (2 - 12 - (24 - 21)) + -28.
-37
Evaluate (16 - 19 - (-16 - -7)) + (-3 - (-64 + -7)).
74
What is 8 + 0 + -5 + ((-3 - 4) + 13 - 22)?
-13
What is -1 + (-2 + -60 - -7 - (-9 - -17)) + 1?
-63
What is -26 + (112 - (7 + 7))?
72
Calculate (7 - (35 - (-7 - -13 - -7))) + 72.
57
Evaluate 122 - (113 - -11 - 66).
64
Evaluate -73 - (17 - 90) - (0 + -4 + -88).
92
(-23 + 17 - -10) + -8 + -1 + -2
-7
What is the value of (8 - 2) + 66 + 40 + -19?
93
-626 + 552 - (-1 + (-3 - -6) + 8)
-84
What is the value of -119 + 2 + -89 + (178 - 80)?
-108
Calculate (-10 - (22 - 29)) + (23 - -10) + -9.
21
Calculate (628 - 625) + (-21 - (-5 - 0)).
-13
What is the value of -2 + (-1 - -7) + -1 - (-564 - -487)?
80
Calculate -14 - 1 - (-26 - (-187 + 81) - 131).
36
Evaluate -32 - (6 + -1 + 21 + -31).
-27
(-78 - (26 - (-1 - (3 + -18)))) + 10
-80
Calculate -78 - 4 - (65 - 85) - -20 - (6 + 1).
-49
What is the value of 62 - 31 - ((-10 - -19) + 11)?
11
Calculate -8 + (6 - 4) + 9 + (4 + 6 - -10).
23
Evaluate (0 + -1 + (9 - 9) - -18) + 2.
19
378 - 432 - (14 + -48)
-20
(-22 - (-19 + 6)) + -3 + -61
-73
Calculate 149 + -108 - (25 + 15 + -10).
11
What is the value of (34 + -68 - 15) + (-8 - -30) - (-1 - -2)?
-28
What is the value of 67 - 106 - (-53 - -36)?
-22
What is 60 + (209 - 274) + (-55 - (2 + -4))?
-58
What is -5 - 22 - (-38 - (-24 + 7) - -16)?
-22
4 - 19 - (7 - -12 - (128 - (3 - 12)))
103
Evaluate 55 - 10 - 33 - 48.
-36
Evaluate 2231 + -2087 + (-4 - 44).
96
Calculate 11 + -4 + 0 + (-5 - -7) + (-111 - -156).
54
Evaluate -8 + (3 - (-34 + 1 + 250 + -259)).
37
What is (15 - ((16 - 52 - -21) + 14)) + 29?
45
What is 44 + (-20 - ((-2 - 12) + 16))?
22
Calculate (-55 - (18 - 22)) + 10.
-41
(-13 - (3 - 0)) + -127 + 111
-32
What is -92 - (11 - (-35 - -102))?
-36
-21 - (11 + -8 + 2 + -3)
-23
2 + -30 + 43 + 14
29
What is (3 + 4 + -7 - (-9 + 12)) + (-2 - -2)?
-3
Evaluate -1 + 31 + -65 + 28 + (1 + 2 - 0).
-4
-32 + (-9 - (5 + 2 + -4) - -13)
-31
What is the value of 0 + 0 + -1 + (-1799 - -1741)?
-59
What is the value of 6 + 7 + -45 + 22 + -12 - -65?
43
Evaluate (1 + 12 - 1) + (-35 - -182 - 66) + 27.
120
((-8 - -2) + -7 - (6 - -69)) + 17
-71
Calculate (14 + 0 - (-105 - -122) - 44) + 4.
-43
-3 + 63 + (-1612 - -1609)
57
(-13 - (-20 - -6)) + (-116 + 9 - -10)
-96
Calculate (-1 - -24) + (-3867 - -3782).
-62
16 + 58 + (-9 - 2 - ((13 - 20) + 11))
59
(-10 - (17 + 19 + -52)) + -6 - (-75 - 1)
76
What is 9 - -4 - 23 - (-3 - 1 - (-13 + -24))?
-43
Evaluate (8 - -25) + -36 - (-7 - -2).
2
What is -47 - (-17 + 1 + (-812 - -836))?
-55
What is the value of -5 - (2 + 2) - (-3 + -13) - -9?
16
What is 10 + -5 + 6 + (42 - 5) + (-2 - 7)?
39
Calculate (10 - 9) + 3 + (-4 - 6) + (24 - 1).
17
What is -24 - (-66 + 55 - 74) - (1 + 0 + -10)?
70
What is the value of 703 + -699 + (-9 + -78 - (2 + 1))?
-86
-180 + 177 - (0 + -1) - (72 - (5 + 6))
-63
What is (10 - 13) + 6 + -79 + 4 + 0 + 10?
-62
Calculate -33 - (25 - (25 + -41 + 66)).
-8
What is the value of -345 - -299 - (-23 + 4)?
-27
What is (-21 + 27 - -1) + 9 + 6?
22
What is the value of (52 - (-2 - 0)) + -56 + (-15 - -102) + -25?
60
Calculate -80 + 3 - (-221 + 183).
-39
Evaluate -70 + 8 + 2 + 1 + -82 + 56.
-85
-85 - -60 - (-21 + -6)
2
What is the value of -8 + (2 - (13 - 0 - 12)) - -40?
33
Calculate -98 - (66 + (-132 - 18)).
-14
(35 - (78 + -63)) + -74
-54
What is the value of 91 + (-229 - -144) - (-102 - -2)?
106
Evaluate 0 + 20 - (279 - 242) - -22.
5
Evaluate (0 - -23) + (86 - (20 + 50)).
39
Evaluate 0 + -90 + 1 + 26.
-63
What is -47 + 15 + -61 + 66?
-27
-6328 + 6342 - (-40 + 1)
53
-49 - (-23 + (-9 - -26) - -17)
-60
What is the value of 69 + 77 + 60 + -215?
-9
-4 + 68 + (-6 - ((0 - 8) + 1 + -2))
67
What is the value of -150 - -119 - (-5 + (13 - -5))?
-44
What is -10 - 11 - -14 - -26 - (9 - 1)?
11
What is the value of -172 - ((-54 - -27) + -65)?
-80
Evaluate 397 + -392 - (4 + (3 - (10 + -4))).
4
-1 + 0 + (15 - 6) + -46 + 15
-23
What is the value of (547 - 520) + -25 + -1 + 82 + -5?
78
42 - 95 - -40 - -18
5
Calculate (14 - -7) + 31 + (0 - 0) + (3 - 1).
54
What is (7 - 0) + -14 + (21 - (15 + -3)) - 6?
-4
Evaluate (10 - (-12 + 45)) + 58.
35
What is the value of -9 + (3 + 1 - (15 + -10 - -1)) - -69?
58
Calculate -302 - -286 - (-15 + (0 - 3)).
2
(-21 - (-44 - 2)) + -7 - 50
-32
What is the value of -3 + (1 - -7) + (-284 - -278)?
-1
50 - (90 + -33) - (5 - (-1 + -5))
-18
40 - (7 - -7 - -18) - 19
-11
Calculate (8 - -1) + (0 - 33) + (85 - (-25 + 93)).
-7
-25 - (-3 - (69 - 42)) - 57
-52
What is the value of (2280 - 2241) + -2 + -83?
-46
Calculate -28 + (9 - 36) - -11 - -162.
118
12 + -6 + (1 - 19) + 2 + -5 - 8
-23
What is the value of (-84 - -132) + (-15 - (23 + -15))?
25
What is 95 + -235 + (38 - -46)?
-56
Evaluate -28 - (64 + (118 - 143)).
-67
-25 - ((10 - 16) + (4 - (-3 - (0 + -3))))
-23
What is (-33 - (-67 - -143)) + 106?
-3
Calculate (4 - -20 - -27) + 24.
75
What is the value of -48 + 101 + (51 - 71)?
33
What is the value of (-3 - (17 - -3)) + -22 + 41 + -26?
-30
What is the value of (-162 - -53) + -13 + (13 - -25)?
-84
Calculate (5 - 3) + -12 + (27 - -27 - 19) + -100.
-75
1 + 7 + 1 + (-3 + 33 - -10) + -8
41
Calculate -47 - (-17 - 24 - 52).
46
Calculate 3 + 24 + (-843 - -794).
-22
What is the value of -115 - (56 + -101 - 47)?
-23
What is the value of 7 + (-9 - 67) + 13 + -49 + 25?
-80
What is the value of -225 - -197 - (-29 + -2)?
3
Calculate 40 - (87 - 41 - 38).
32
28 + 31 + -3 + -27
29
7 - ((21 - 0) + -5 + -61 + -1)
53
Evaluate (-24 - (-38 + -6)) + -19.
1
What is (13 + -4 - ((-4 - -10) + 3)) + 1 + -4?
-3
Evaluate 6 + 2 + (-57 - 1 - (2 + -16)).
-36
Evaluate 2 + -10 + (32 - (-10 - -32)) + (8 - -8).
18
What is the value of -15 - (14 - ((21 - 20) + 10))?
-18
Calculate (224 - 213) + (-7 - (1 + 1)) - 46.
-44
Calculate 337 + -233 + (-106 - -30).
28
Evaluate 6 + (-78 - -63) + (-1 - -9).
-1
(19 - -6) + 221 + -241
5
Evaluate -2 - -50 - (-1361 - -1308).
101
Calculate -63 + (278 - 104) + -113.
-2
(-77 - (-74 + -125)) + -73
49
Calculate (10 - (21 - (-15 - -21))) + 92 + 0.
87
(-152 - (-47 - 3 - -32)) + 37
-97
Calculate -275 + 581 + -185 + -28 + 1.
94
-7 - (-29 + 2) - ((-29 - -17) + 8)
24
What is 12 + -16 + 43 + -1 + 3 + (-1 - -4)?
44
What is -9 + 64 + (-8 - 95)?
-48
Evaluate (1 - -1) + (-15 - -30) + (-2 - 7) + -62.
-54
What is the value of 12 + (32 + -16 - 34) - (6 - 1) - -20?
9
Evaluate (-36 - (2 - 19)) + 40 - 9.
12
Evaluate -5 - -22 - (-6 - 1) - (-30 + 30).
24
What is (2013 - 2011) + -4 + 1 + (65 - 1)?
63
38 + -52 - (-15 - 1) - (5 - (4 + 65))
66
Evaluate -16 + -32 + (74 - 44) + -1 + 33.
14
Calculate 16 + 14 + -9 + -18 - -19.
22
14 - 4 - (-30 + 40 + -19)
19
Calculate -4 + 61 + (-1 - 4) + (-2 - -3).
53
3